culate (7 + -1 - 2) + 14416 + -14308.
112
Evaluate -14 - (159 - 2 - (1021 - 975)).
-125
Evaluate -46 - (94 + -128) - (1 + 0).
-13
What is 4 + 6 + (2 - 8) - (162 + -211)?
53
Calculate (3 - (-10 - -4)) + -41 + -12 + 98.
54
(-24 + -28 - -79) + -56
-29
Evaluate (2 - (-6 - (-17 - -14))) + -14 + (-1 - 33).
-43
15 + -4 + -9 + (65 - (2 + -10 - -8))
67
18 - (-65 - -55) - -10
38
What is the value of -170 + 170 - (-73 - (2 + -2)) - (4 - -5)?
64
-2 + -14 - (-69 - (-15 - 55))
-17
What is the value of -190 + -18 + 153 + (27 - -2)?
-26
Calculate 156 + -165 + -2 + (1 - (30 - 1)).
-39
-43 + (19 - 91 - -112)
-3
Calculate -29 + 11 + (32 - 18) - (2 + 13 + -2).
-17
(-24 + 54 - 15) + -11 - 41
-37
-79 + (79 - 1) - (2 - ((1 - 1) + -31))
-34
11 - (37 + (-5 + -7 - 2 - -5))
-17
What is -1 + 2 + 8 + 0 + (-19 - -13 - -30)?
33
41 - 6 - (24 - -38)
-27
What is the value of 139 + (19 + -66 - 39)?
53
(-14 - 9) + (166 - (-13 + 25 - -16))
115
Calculate (-9 + 17 - 13 - -10) + 11.
16
What is -36 - ((44 - (14 - -18)) + 14)?
-62
Calculate -114 + -7 + 8 + -8 - (74 + -70).
-125
What is 128 - (61 + 24) - (-2 - -55)?
-10
What is the value of -495 - -506 - (-1 + -14) - (11 + 3)?
12
Evaluate 5 + (65 - (-13 + 16 + 9 + -18) - 3).
73
What is the value of (-79 - -47) + (1 - (-5 - 4 - -1))?
-23
Calculate (24 - 21) + (-4 - (-4 + 3 - 2)) + 20.
22
Evaluate 64 + (-72 - -27) + -2.
17
Calculate -54 + -2 + 3 + (361 + -341 - (21 + -1)).
-53
Evaluate (1 - 1 - -7) + (-277 - -33 - -211).
-26
11 + (-15 - 5) + 24 - 73
-58
Calculate 2 + -22 + 26 + 1 + (-158 - -142).
-9
Evaluate -4 + -6 + 0 + (17 + -12 - 9) + 64.
50
(6 - 50) + -8 + 45 + -25
-32
Calculate 51 + 1 + (-3 - (-170 - -186) - (1 + -13)).
45
Calculate (142 - 151 - (2 + -46)) + (16 - 10).
41
Calculate -91 + 103 + (5 - (-1 - 12) - 6).
24
Calculate -31 - (37 + -45 + -34).
11
What is the value of 79 + (-61 - (113 + -153))?
58
What is the value of (40 - (-38 + 32)) + 8?
54
Evaluate 96 + (7 - (17 + -32) - 43).
75
What is (25 - 16) + (11 - (13 + -2 + -13))?
22
-135 + 90 - -62 - 84
-67
Calculate (-1 - 4) + (-92 - (-49 - 24)) + 26.
2
10 + -45 - (-36 + 103 + 2)
-104
Evaluate -6 + (121 - (-3 + -4 + 31)).
91
Evaluate 96 + -11 - 86 - (-2 - (-6 + 1)).
-4
What is the value of -42 - 7 - (-139 + 105)?
-15
89 + -73 + -24 - (0 - 0 - 1 - 3)
-4
What is -11 - ((-33 + 42 + -3 + -6 - 50) + -12)?
51
What is -187 + 114 + (1 - -47)?
-25
(15 - (0 + -36 + -6)) + 5 + -1 + 0
61
10 + (0 + 1 - 6 - -13 - 16) + 46
48
What is 27 + -213 + 100 + 167?
81
Calculate 1 + (-94 - -21) + 88.
16
-9 - 4 - (-52 + -22 + 0 + -1)
62
What is the value of 0 - 14 - -65 - (11 + -1)?
41
What is 3 - -77 - ((-15 - -5) + -3 + 5 + 16)?
72
Calculate (-2 + -3 - 66) + -315 + 314.
-72
Evaluate 1805 + -1780 - (-7 - (0 + -1)) - 10.
21
(1318 - 1520) + 141 + -8
-69
2 + (-5 - -22) + (28 - 121 - 4)
-78
Evaluate (-92 - -42 - -72 - 5) + 60 + -1.
76
Evaluate (-8 + -10 - (-18 + 7)) + 24 - 43.
-26
2 - -61 - (-21 + 47 + -28 - -11)
54
Calculate 12 - 7 - (-1 - 57 - (73 - 85)).
51
Calculate -3 - -3 - 3 - (-249 - -247) - (15 + -1).
-15
Calculate -3017 + 3017 + -7 + (-2 - -4).
-5
Evaluate 58 - (38 + -35 - -25).
30
2 + 12 - (882 - 872)
4
-23 + 10 + 3 + 16 - -18
24
What is 29 - (18 + -51 + 75)?
-13
Calculate 16 - (-47 + 18 + -1).
46
What is the value of (4 - (63 + -1)) + (-16 - (-31 + (-17 - -18)))?
-44
(-71 - -84) + -15 - 36
-38
What is (285 - 284) + (-3 - 35)?
-37
What is the value of -85 + 108 + 0 + -75?
-52
-11 - -8 - (2 + 4 + (16 - -1))
-26
Evaluate 67 + -40 + 31 - 6.
52
Evaluate (-1 - -39 - -3) + (-5 - -8) + 9 + -2.
51
150 + -66 + 25 - 181
-72
Evaluate -9 + -9 + 32 - (60 + (-3 - -2)).
-45
What is the value of (-10 - 0) + -2 - (-2 - (2 - -4)) - -7?
3
Evaluate 14 + -26 - -33 - -47.
68
What is the value of -52 + (-67 + 93 - -8)?
-18
Evaluate -43 + -1 + 17 - (4 - 20) - -12.
1
Evaluate (71 - 111) + 91 + -55.
-4
Evaluate 2 + -5 + -1234 + 1199.
-38
Evaluate -24 + 17 + -24 + 35 - 0.
4
Calculate 17 + -166 + (65 - 59 - (-8 + 1)).
-136
Evaluate -4 + (8 - 2) - (17 - (8 - -2)).
-5
What is the value of -3 - (-24 + -16 + 19)?
18
What is the value of 22 + (36 - (-8 + 31) - 116)?
-81
-10 + (-1 + 3 - (76 + -135))
51
Evaluate 0 + 37 - (368 - 379).
48
Calculate (-24 - 19 - -15) + 11 - (-12 - -6).
-11
What is the value of 50 + 1 + (9 - (30 - 13)) + -38 + 40?
45
What is the value of 2 - -2 - ((-31 - 3) + (24 - 16))?
30
What is the value of 4 - (-1 + 7 + 0) - (-80 + 77)?
1
Evaluate -89 + 4 + -1 + 12 + -15 - (5 - 0).
-94
-397 + (526 - 105) + -2 + (-84 - -1)
-61
-17 + (124 - 0) + (-78 - (-7 + -51))
87
What is (-5 - 11) + 3 + (103 - (-10 + 0))?
100
-5 - -8 - -8 - -11 - (-12 - -5)
29
-106 - (8 + (31 - 39))
-106
70 + -45 + -29 + -12 + 0
-16
Evaluate (-15 - -58) + (-42 - -4).
5
-11 + (8 - (0 - (12 + -7 - 18)))
-16
What is the value of -69 + (18 + 2 + -3 - (41 + -18))?
-75
What is -25 - (-21 + -48 + -17 - -7)?
54
Evaluate (7 - (-7 + (9 - 8 - -11)) - 59) + 7.
-50
Calculate (-6 - 126 - -8) + 11 + (-19 + 13 - 10).
-129
Calculate (-3114 - -3100) + 0 + (30 - 0).
16
Calculate 508 + -524 + (-45 - 1) - -44.
-18
Evaluate 83 - ((6 - (-18 + 23)) + (4 - -4)).
74
What is ((2 - (-7 + 14)) + 2 - -79) + -11 - -14?
79
Calculate 62 + -32 + 16 - (19 - -13).
14
33 + 60 + -4 + -40
49
What is the value of (-2582 - -2524) + -13 + (0 - -2) + -2?
-71
Calculate (36 - 30 - -23) + 31 - 19.
41
What is the value of -44 + (1 - -3) - (-107 - -122)?
-55
Calculate (55 - (-3 + 4)) + (16 - (49 - 26)) + 5.
52
Evaluate (-6 - (-12 - (-18 + 19 - 8))) + 50 + 4.
53
Calculate -40 - (22 + -3 - 20 - (4 + 4 - -5)).
-26
What is the value of -37 - ((31 - -24) + -32 + -128)?
68
What is 13 + (-27 - -68) - 73?
-19
What is 14 + (-6 - ((3 - -4) + (-33 - -101) - -1))?
-68
Calculate 19 - (-4 - (-8 - -3) - -5).
13
Calculate (-2 - -5) + -52 - (12 + -10 - 9).
-42
What is -1377 + 1311 + (1 - 7) + 35?
-37
Calculate -62 - (4 + -46 - 37).
17
Evaluate -32 + (-34 - (-32 - 9)) + (-2 - -19).
-8
Evaluate -43 + (31 - (22 - 75)).
41
16 + (43 - (62 + -28) - (-3 + 0))
28
What is 3 + 12 - (-89 + 115) - (-21 + 16)?
-6
Evaluate -9 + (-6 + (-10 + 5 - -11) - 7).
-16
Evaluate (-6 + 31 - 42) + 10 + (3 - 0 - -71).
67
What is the value of 47 + 113 + -118 + -1 + 6 + -11?
36
Evaluate 16 + 24 + -27 + -16 + -1 + -89.
-93
What is the value of -27 + -20 - -39 - -42?
34
Evaluate 5 + -36 + 2 - -10 - -6.
-13
What is -5 - (16 - (-14 + (5 - -10)))?
-20
Evaluate 6 - ((87 - 31) + -85).
35
Evaluate (47 + -37 - (-4 + 2)) + (3 - -51 - -5).
71
-13 + -11 + -4 + -2 + (-7 - -16)
-21
Calculate -7 - (5 + 3 + -20 + -4 + 4 + 2).
3
Calculate -67 + (-1 + (40 - 16) - 14 - -4).
-54
-9 + -50 - (-202 + 129)
14
(-639 - -572) + (0 - (2 - 3) - -9 - -3)
-54
What is the value of 208 - 109 - (-41 - -47 - (-1 - (1 + 0)))?
91
Calculate -24 + (18 + 12 - 0 - 4).
2
What is -3 + 8 + 3 + (7 - 1) - 87?
-73
Calculate 5 + 2 + -8 + 15 - (-20 - (5 - -4)).
43
What is -37 + -1 + 6 + 1 + (-3 - 2)?
-36
What is 89 + 116 + 96 + -194?
107
Evaluate (-9 - (-40 + 17 + 17 + -4 + -1)) + 87.
89
(3 - 1) + -6 - (-5772 + 5728)
40
What is the value of -1 - -8 - ((-19 + -17 - 7) + 27)?
23
44 + 1 + 0 - (3917 + -3915)
43
What is the value of 0 + -63 - (13 - (59 - 28 - (20 - 4)))?
-61
28 - (-1 + 24 - (-669 - -721))
57
Evaluate -7 - -1 - -1 - (7 - (11 + -1)).
-2
What is the value of (15 - 1) + ((-116 - -9) + 15 + 15 - -4)?
-59
-16 + 6 + 1 + -37 + 63 - 35
-18
What is the value of 15 + (48 - 20) + -18?
25
What is the value of (24 - (21 + -7)) + (7 - 5 - 0) - -9?
21
-8 + (-4 - (3 - 6) - -7 - -11) + -67
-58
70 + -106 - (86 - 122)
0
What is the value of 61 + -87 + 22 + -1 - 18?
-23
Evaluate 15 + (3 - 74 - (15 + (-25 - -9))).
-55
Evaluate -20 + -44 + (54 - 15).
-25
What is 72 + -14 + -8 - 55?
-5
-42 + -29 + (8 - (8 - (9 - (11 + 1))))
-74
13 - ((9 - (7 - 21)) + -11 + -36)
37
What is 14 - (0 + -3 + 1 - (656 + -645))?
27
What is 31 + 3 + 11 + (7 - ((15 - 2) + -3))?
42
Calculate 35911 + -35965 + 0 + -1 + -10.
-65
Evaluate (48 - 21) + -49 + (17 - -10).
5
Evaluate 14 + (2 - 7 - -5) + -3 + (-49 - 0).
-38
What is the value of (-2 - -4) + 14 + 370 + -394 - 9?
-17
What is -11 + -155 + 64 + 136?
34
Evaluate (28 - 98 - -17) + 47.
-6
What is -207 - -209 - (-16 + 0) - -20?
38
What is 66 + 1 + (-59 - (-119 + 71))?
56
49 - 72 - (5 - (30 - 14))
-12
Calculate 0 + 17 + (-32 - 18 - -71).
38
Calculate 13 + (1655 + -1639 - (